76 - -4?
24815267a
In base 5, what is 44111300 + 11120?
44122420
In base 4, what is 2212230 + -12123?
2200101
In base 16, what is 62 + 1fbc0?
1fc22
In base 8, what is -37 - 352745?
-353004
In base 13, what is -71 - -14a2?
1431
In base 3, what is 1211 - -222100012000021?
222100012002002
In base 15, what is -1a7992d1 + -3?
-1a7992d4
In base 6, what is -112422 + 2323?
-110055
In base 2, what is -1011101 + 11100000001010001?
11011111111110100
In base 15, what is -35487 + 437?
-35050
In base 11, what is -6176 + 5a6?
-5680
In base 15, what is -22d7523 + -4?
-22d7527
In base 2, what is -100110010111101100001 - -1000100100?
-100110010110100111101
In base 2, what is 100101111010 + -10001000?
100011110010
In base 10, what is -423 + -101280?
-101703
In base 11, what is a6 - 666942?
-666847
In base 5, what is 0 - -124302300433?
124302300433
In base 13, what is a23c2b - -7?
a23c35
In base 14, what is -2 + -168b52c?
-168b530
In base 10, what is 10614 + 22432?
33046
In base 16, what is -3cd - 1b4f?
-1f1c
In base 11, what is -69 - -167928?
16786a
In base 14, what is -42 - -5c4c9?
5c487
In base 13, what is 660aa9 - 2?
660aa7
In base 14, what is -b91904 - -c?
-b918d6
In base 3, what is -2 - 211101002120202?
-211101002120211
In base 7, what is -250 + -406426?
-410006
In base 4, what is -312000 + -110030?
-1022030
In base 2, what is 111100 + 10000110111010011011?
10000110111011010111
In base 11, what is 42a276 - -432?
42a6a8
In base 8, what is 1124702 - -500?
1125402
In base 7, what is -2 + -141233052?
-141233054
In base 9, what is 2031 + 20478?
22520
In base 8, what is 4547606 - 112?
4547474
In base 8, what is 100544 - -2047?
102613
In base 6, what is 204013411 + 2?
204013413
In base 12, what is -ab + 3701b?
36b30
In base 6, what is -5342 - 4302443?
-4312225
In base 16, what is -19a9b2b - 3?
-19a9b2e
In base 15, what is 7644612 + 0?
7644612
In base 12, what is -1071 - -b9a4?
a933
In base 14, what is -8887 + a7a7?
1d20
In base 11, what is -41 - -2718059?
2718018
In base 9, what is 35 - -471816?
471852
In base 8, what is 1126067 - -5015?
1133104
In base 16, what is -4836a + -23?
-4838d
In base 10, what is 605 - 11172?
-10567
In base 5, what is -10301 + -144104?
-204410
In base 3, what is 2 + -22101121102211211?
-22101121102211202
In base 10, what is 677925 - -9?
677934
In base 2, what is -110011010010 - 1010110101100?
-10001001111110
In base 4, what is 1103103103300 + 10?
1103103103310
In base 7, what is -1065 - -35056?
33661
In base 4, what is 2 + -1011230020?
-1011230012
In base 16, what is -2847 + -b5?
-28fc
In base 7, what is 146665 + 1011?
151006
In base 13, what is 1416 + -17c0?
-3a7
In base 12, what is -8b68 - -b2a?
-803a
In base 15, what is -36 - -1c50?
1c19
In base 14, what is -2dcba1 - 4c?
-2dcc0d
In base 4, what is -2 - -10230331001?
10230330333
In base 15, what is 928 - 22c21?
-222e8
In base 14, what is -904 - 117?
-a1b
In base 2, what is -1101101111 - -110010011000110100?
110010001011000101
In base 8, what is -32716 - -3735?
-26761
In base 3, what is 121110102021121001 - -20?
121110102021121021
In base 3, what is -22012221 - 200122?
-22220120
In base 3, what is -11 + -120001002220222?
-120001002221010
In base 15, what is 6ad + 31e4?
38a2
In base 10, what is 2432407 - 22?
2432385
In base 14, what is 3 - -4600a7?
4600aa
In base 11, what is 6559327 - -15?
6559341
In base 5, what is -334 - -2041012?
2040123
In base 11, what is 990598356 - 3?
990598353
In base 11, what is -3677 + 2124?
-1553
In base 10, what is -37 - -362343?
362306
In base 15, what is 31 - 163280a?
-16327c9
In base 5, what is -344032 - 103323?
-1002410
In base 14, what is -5777d - 3a0?
-57b3d
In base 2, what is 10100 + 1100110101001001110?
1100110101001100010
In base 3, what is 1000210121012 + -1011110?
1000202102202
In base 16, what is 4 + df3993?
df3997
In base 5, what is -2140324232 - -42?
-2140324140
In base 10, what is -11528 - 138?
-11666
In base 12, what is -1186248 - 0?
-1186248
In base 14, what is 0 + 315b1d?
315b1d
In base 3, what is 2221002 + -212200?
2001102
In base 8, what is 10150204 + -33?
10150151
In base 16, what is -17def - -4b9?
-17936
In base 5, what is -1342104112 - -142?
-1342103420
In base 7, what is -61146366 - 12?
-61146411
In base 3, what is 10110 - 10011110200?
-10011100020
In base 10, what is -9 + 6166061?
6166052
In base 16, what is 2405d4 - -c8?
24069c
In base 8, what is -2 - 13132414?
-13132416
In base 12, what is -6978 - -462?
-6516
In base 8, what is 3372 - 2111?
1261
In base 9, what is -51 + -3522536?
-3522587
In base 4, what is 21303211 + 223021?
22132232
In base 5, what is 101113422340 - 4?
101113422331
In base 7, what is 6611350 + -15?
6611332
In base 7, what is -244020 - 22403?
-266423
In base 6, what is 2 - 52440340?
-52440334
In base 7, what is 2 + -252402650?
-252402645
In base 15, what is 37cad + -68?
37c45
In base 12, what is 754b89b + 1?
754b8a0
In base 4, what is -1220321222 - -121?
-1220321101
In base 14, what is 117 + -b07b?
-ad64
In base 8, what is -757435152 + -5?
-757435157
In base 8, what is 72 + 104617?
104711
In base 2, what is -1000110001010100 - 1111111010?
-1001000001001110
In base 15, what is -1 + -1016ed09?
-1016ed0a
In base 16, what is -24 + -1286ba?
-1286de
In base 2, what is -1000101011101101111110010000 - 100?
-1000101011101101111110010100
In base 8, what is -156332 - -22242?
-134070
In base 16, what is -3 - -297fad?
297faa
In base 11, what is -9033 + -3198?
-11220
In base 15, what is 10a8c0ee - -2?
10a8c101
In base 13, what is 1 + 476ab?
476ac
In base 5, what is -24342131 + 3244?
-24333332
In base 2, what is -1011110001010100001 - 10100?
-1011110001010110101
In base 4, what is -1001010 - 103333?
-1111003
In base 14, what is 1a42a + -358?
1a0b2
In base 16, what is -41bb05c - 2?
-41bb05e
In base 16, what is 12e87b3 - 4?
12e87af
In base 4, what is 23111023002 - 0?
23111023002
In base 9, what is -107341 + 347?
-106883
In base 8, what is -10 - 1037012?
-1037022
In base 6, what is -2 + 225043101?
225043055
In base 14, what is -83a835 + -13?
-83a848
In base 5, what is 2 + -41123234122?
-41123234120
In base 7, what is 2145163 + -16434?
2125426
In base 14, what is -10ac55c + 7?
-10ac555
In base 13, what is -28 - -67821?
677c6
In base 7, what is 5 + -210016442?
-210016434
In base 12, what is -2b3052a8 + 1?
-2b3052a7
In base 11, what is -2996165 - 3?
-2996168
In base 15, what is 6ee1 + 370a?
a6eb
In base 11, what is -9 - -2761667?
2761659
In base 5, what is 43423044 - 14?
43423030
In base 14, what is -73c5 + -2571?
-9956
In base 5, what is 241302300 + -1210?
241301040
In base 6, what is -120022 - 31?
-120053
In base 16, what is -3318 + 7d8?
-2b40
In base 13, what is -4c9043 + 47?
-4c8cc9
In base 4, what is -122 + -130313312211?
-130313312333
In base 6, what is -142545330 - 3?
-142545333
In base 10, what is -194399260 - -1?
-194399259
In base 8, what is -4 + 30311016?
30311012
In base 6, what is 122434313 - 12?
122434301
In base 8, what is 4315415 + -2?
4315413
In base 9, what is 0 + 17485861?
17485861
In base 15, what is -4 + 109a345?
109a341
In base 13, what is 3 + -15b98?
-15b95
In base 9, what is -2358451 - -723?
-2357627
In base 2, what is -1111001010001111 - 111?
-1111001010010110
In base 13, what is -946830 - -3?
-94682a
In base 12, what is -7a158 + 144?
-7a014
In base 13, what is 437 - -39c1b?
3a355
In base 7, what is 3340 + -351165?
-344525
In base 6, what is 5134110244 + -10?
5134110234
In base 7, what is -102 - -1135562?
1135460
In base 11, what is -6a001a554 + 3?
-6a001a551
In base 4, what is -102 - 30001121002?
-30001121110
In base 15, what is d + -259070?
-259062
In base 12, what is -50276 + 22?
-50254
In base 4, what is -2232331 + -321220?
-3220211
In base 6, what is 33 + 310052141?
310052214
In base 16, what is -eadc03 - 2?
-eadc05
In base 6, what is -52 + -21031151?
-21031243
In base 15, what is 1 + 1a0207e7?
1a0207e8
In base 10, what is 67718 + 22?
67740
In base 8, what is -274544 - 176?
-274742
In base 15, what is -ac1c + -1b32?
-c84e
In base 16, what is 64ef7 - 48?
64eaf
In base 13, what is 2 - -16b73546?
16b73548
In base 8, what is 1371 - 13424?
-12033
In base 12, what is -233 - -1299?
1066
In base 12, what is -7 + -1a55273?
-1a5527a
In base 9, what is -126 + -5074?
-5211
In base 6, what is -2 + 10315450?
1031544